Let l be (-3 - (0 + -2)) + 40. What are the prime factors of ((-8)/12)/((-2)/l)?
13
Let i = 34 + -8. List the prime factors of i.
2, 13
Suppose x - 64 = -0*x - 2*d, 5*x - 4*d - 376 = 0. Suppose -4*w - 2*q - 30 - 84 = 0, -2*w + 2*q - x = 0. Let b = 45 + w. What are the prime factors of b?
2, 7
Let q = -414 + 589. List the prime factors of q.
5, 7
Suppose -6*c - 46 = -8*c. What are the prime factors of c?
23
Let j be 4/(-6) - 92/6. What are the prime factors of (-3)/4 + (-140)/j?
2
Suppose 3*w + 0*q - 4*q = 30, -5*q - 40 = -4*w. Suppose w = 5*l, -5*s - 3*l + 106 = -0*l. List the prime factors of s.
2, 5
Let r = 74 + -50. Suppose -5*y - 16 = -2*o - 3*y, -3*o - 3*y + r = 0. List the prime factors of o.
2
Let f be (-793)/(-15) + 26/195. Let n = -14 + f. What are the prime factors of n?
3, 13
Let c(t) be the first derivative of -t**5/20 - t**4/3 + 5*t**3/6 + 3*t**2 + t - 2. Let u(h) be the first derivative of c(h). List the prime factors of u(-5).
2, 3
Suppose 0 = 3*y + y + 76. Let d = y + 31. List the prime factors of d.
2, 3
Suppose -4*u + 42 - 10 = 0. Suppose -h + 5*y + 24 + u = 0, 28 = 2*h + 2*y. List the prime factors of h.
17
Let g be (-3 + 2/1)*-11. Let h = -8 + g. What are the prime factors of h?
3
Suppose 4 = 2*b - 2*z - 82, b - 4*z = 46. List the prime factors of b.
2, 3, 7
Suppose 4*s - 3*s - 4 = 0. Let d(p) be the third derivative of -p**6/120 + p**5/20 + 7*p**4/24 - 5*p**3/6 - p**2. What are the prime factors of d(s)?
7
Let f(l) = 4*l**3 + 3*l**2 + 9*l + 2. List the prime factors of f(4).
2, 3, 19
Suppose -4*s + 29 = 2*l + 3, -5*l = 5*s - 40. Suppose 2*z = l*z - 16. List the prime factors of z.
2
Let p = -2 - -10. Let x(s) = s**2 - 6*s - 9. What are the prime factors of x(p)?
7
Let s(h) = h**3 + 8*h**2 + 6*h - 5. Let d be (-3 + 2)*(8 + -1). Let g be s(d). Suppose -10 = -0*u - g*u. List the prime factors of u.
5
Let v be 42/(5/(30/4)). Let g = 107 - v. Suppose -8 = 4*n - g. List the prime factors of n.
3
Let q be (-1)/4 + 275/(-20). List the prime factors of (2 - 10/4)*q.
7
Suppose 5*u = 2*z + 50, 3*u = -0*z + z + 29. Let m be 26/u + (-1)/4. Suppose d + m = 3*r - r, -4*r + 31 = 3*d. What are the prime factors of r?
2
Let i = 18 + -10. Suppose 3*z + i = 4*z. What are the prime factors of z?
2
Let b(h) = -h**3 + 7*h**2 - 7*h + 9. Let p = 8 - 2. Let w be b(p). Suppose 0 = 5*o - 22 - w. List the prime factors of o.
5
Let t = 7 - 15. Let j = t - -22. Let p = j - 3. What are the prime factors of p?
11
Let g = -34 - -83. What are the prime factors of g?
7
Suppose 2*h - 5*h + 57 = 0. Let s = h - 10. What are the prime factors of s?
3
Let x = 68 - 46. List the prime factors of x.
2, 11
Let w = 80 + -52. What are the prime factors of w?
2, 7
Let v = 155 - 88. What are the prime factors of v?
67
Let q be 2 - -6 - (-6)/(-2). Let o(r) = r**3 + 2*r**2 - 2*r + 4. Let f be o(-3). Let h = q - f. List the prime factors of h.
2
Let m(o) = 2*o - 13. Let x be m(9). Suppose -6 = x*y - 1. Let q = y - -13. List the prime factors of q.
2, 3
Let t be 3/((-3)/(-26)) + -3. Let l = 38 - t. What are the prime factors of l?
3, 5
Suppose -d + 4*d - 3*i - 18 = 0, -4*d = -i - 33. List the prime factors of d.
3
Suppose -47 = -3*z - 2*s + 56, 3*s - 32 = -z. What are the prime factors of z?
5, 7
Let s be (3 - -2)*(-42)/15. Let d(m) = -2*m**2 - 9*m - 8. Let a be d(-6). Let r = s - a. List the prime factors of r.
2, 3
Let k(y) = -10 + y**2 - 5 + 11 + 8*y. What are the prime factors of k(-9)?
5
Suppose 3*m = -4*o + 690, -4*m - 5*o + 703 = -217. What are the prime factors of m?
2, 5, 23
Let v(q) = -q**3 + 8*q**2 + 11*q - 12. Let a be (-1 - -2)/(1/9). Let f be v(a). Let x = 2 + f. What are the prime factors of x?
2
Suppose -4 = r - 5*r - 3*v, -4*r + 2*v = -4. What are the prime factors of (r/(-3) + 0)*-12?
2
Let y = -11 + 16. Suppose 4*b - y - 31 = 0. Let t = b - 0. What are the prime factors of t?
3
Let c(h) = 4*h**2 + 18*h + 10. List the prime factors of c(-9).
2, 43
Let a = -2 + 2. Suppose a = -3*k - 5*b + 20, 0 = -k + 3*b + 2 - 0. What are the prime factors of k?
5
Let r = 9 - -55. List the prime factors of r.
2
Let c = -7 + 12. Let g(b) = b**2 - b - 1. Let s(l) = l**3 - 11*l**2 + 10*l + 11. Let w(x) = 5*g(x) + s(x). List the prime factors of w(c).
2, 3
Let t(i) = -i**3 - 5*i**2 + 2*i + 3. Let l be t(-6). Let a = 14 - l. Let n = a - -23. What are the prime factors of n?
2, 5
Let s(z) be the first derivative of -11*z**2/2 - 2*z - 1. What are the prime factors of s(-4)?
2, 3, 7
Suppose 5*z - 240 = -2*v, 3*z + 4*v - 51 = 79. Let u be (-13)/39*12/(-1). Suppose z = u*y + y. List the prime factors of y.
2, 5
Let f(w) = -2*w**3 - 8*w**2 + 3*w - 1. Let p be f(-6). Suppose 4*l - p = -l. Let c = l + -14. What are the prime factors of c?
11
Suppose -54 = -3*v + r + 2*r, 0 = -r. Suppose 27 = -0*d + 3*d - i, -2*d - i + v = 0. List the prime factors of d.
3
Let y(z) = -z + 2 - 4*z - z + 0*z + 2*z**2. Let h(c) = -2*c**2 + 5*c - 2. Let i(b) = -4*h(b) - 3*y(b). What are the prime factors of i(3)?
2, 7
Let n(t) = -t**3 + 5*t**2 + 8*t - 8. Let g be n(6). Suppose -c - 3 - g = 0. Let w = 13 + c. What are the prime factors of w?
2, 3
Let n = -5 - 3. Suppose 0 = -5*s - 5*w + 80, -5*w + 65 = 7*s - 3*s. Let z = n + s. What are the prime factors of z?
7
Let r(x) = -x**3 + 4*x**2 - 3*x + 4. Suppose 5*f - 2*m = 23, -4*m + 0 = 5*f + 1. What are the prime factors of r(f)?
2
Suppose 3*p - 96 = 2*p + 5*z, 4*p = -5*z + 284. List the prime factors of p.
2, 19
Suppose -4*d = -4, n - 81 + 2 = -3*d. List the prime factors of n.
2, 19
Let k = 48 + 37. What are the prime factors of k?
5, 17
Suppose -4*b + 3*v + 22 = 0, -3*b = 2*v - 5*v - 18. Let z be b/(-18) - (-88)/(-9). Let i = z - -18. List the prime factors of i.
2
List the prime factors of (-16)/2*(-63)/14.
2, 3
Let c(f) = f**2 - 8*f + 45. What are the prime factors of c(6)?
3, 11
What are the prime factors of 211 + -10 + (3 - 4)?
2, 5
Suppose 38 = b + 2*v, -v - 154 = -3*b + v. Suppose -8 = 5*p - b. List the prime factors of p.
2
Suppose 0*u - 5 = -5*u, 5*z - 3*u + 233 = 0. Let n = -28 - z. What are the prime factors of n?
2, 3
Suppose 4 = -l + 8. Let t be 0 - (0 - 1*-1). Let j = t + l. What are the prime factors of j?
3
Let k(b) = b**2 + 13*b + 11. Let l(z) = 14*z + 1. Let a be l(-1). What are the prime factors of k(a)?
11
Suppose -2*m - 2*m = 3*c - 5, c - 10 = -3*m. Suppose 2*t - o = t + 4, m*t = 4*o + 21. List the prime factors of t.
5
List the prime factors of 3440/44 - 2/11.
2, 3, 13
Let j(x) = -4*x - 12. List the prime factors of j(-14).
2, 11
Suppose 4*c + 2*x = 666, c = -2*x - 0*x + 171. List the prime factors of c.
3, 5, 11
Suppose 0*l - 4*l = 5*t - 21, -2*l + 8 = 0. Let h = t - 2. Let q = 1 - h. What are the prime factors of q?
2
Let z(a) = -6*a**2 + 2*a - 1. Let j be z(1). Let d = j + -7. Let k = d + 26. What are the prime factors of k?
2, 7
Let s = 118 - 183. Let t = -25 - s. List the prime factors of t.
2, 5
Suppose 69 = 5*z + 14. Suppose 0 = w - 0*w - z. List the prime factors of w.
11
Suppose -29*d + 24*d = -305. What are the prime factors of d?
61
Let l be (-584)/(-14) - (-10)/35. Let y = l - 22. List the prime factors of y.
2, 5
Let i = -14 - -18. What are the prime factors of i?
2
Let q be (2/4 - 0)*22. Let v be 2*(9/(-6))/1. Let s = q + v. List the prime factors of s.
2
Suppose 2*u = -l + 94, -4*l + 2*l - 244 = -5*u. List the prime factors of u.
2, 3
Suppose 0 = -2*t + 6*t - 4*x - 1004, -2*x = -6. What are the prime factors of t?
2, 127
List the prime factors of (-1)/((-2)/12)*10.
2, 3, 5
Let u = 288 + -195. What are the prime factors of u?
3, 31
Let p(j) = 36*j**2 + 3*j + 3. What are the prime factors of p(-1)?
2, 3
Let w(i) = -i**3 + 7*i**2 - 5*i + 5. List the prime factors of w(6).
11
Let h be -4 + 3 + (-3)/(-1). Suppose 2*v - h = 6. What are the prime factors of v?
2
Let f = -10 + 15. Suppose -45 = -f*i - 10. What are the prime factors of i?
7
Suppose -2*g + 4*g = 2. Suppose -2*p = -3*p - g. What are the prime factors of p/((-2)/8*1)?
2
Let z(g) = 2*g**3 + 1. What are the prime factors of z(1)?
3
Suppose 4*n + 4*d - 49 = n, 4*n = -2*d + 52. Let j = n + 1. List the prime factors of j.
2, 3
Suppose -4*a - 27 = -5*u, 9 = 3*u - u - a. What are the prime factors of 3*1/(u/9)?
3
Let i(o) = -2*o**2 + o + 1. Let p be i(-1). Let k = p - -5